38 - -62. List the prime factors of r.
2, 3
Let d = 7 - 6. Let v = d + -2. Let c(f) = 8*f**2 + 2*f + 1. What are the prime factors of c(v)?
7
What are the prime factors of -24*(4/6 + -1)?
2
Suppose s - 1022 = -3*s + 2*g, -4*s - 5*g = -1001. List the prime factors of s.
2, 127
Let g = 1 - -1. Let x be (20/(-3))/(22/(-33)). Suppose 0 = a + g - x. What are the prime factors of a?
2
Let j(n) = -141*n + 19. List the prime factors of j(-2).
7, 43
Suppose 3*h - 3*f = 2*h + 69, 2*f = 2*h - 138. List the prime factors of h.
3, 23
Suppose 4*k + 0*k = 20. Suppose -k*w = 3*u - 49, -u = 3*u + 2*w - 56. What are the prime factors of u?
13
Suppose -s = -2*x + 19, -3*x + 21 = -4*s - 6*x. Let a = 10 + s. Suppose -2*u + 27 = a. List the prime factors of u.
13
What are the prime factors of ((-8)/(-24))/(2/108)?
2, 3
Suppose -5*w + 321 = -679. Suppose 2*n = 5*o - 3*n - w, 3*n - 138 = -3*o. What are the prime factors of o?
43
Let v be (-2)/(-4) - 8/16. Suppose v = -r - 2*w + 1 + 9, -2*r + 17 = 3*w. What are the prime factors of r?
2
Let a be (-14)/21 - (-4)/6. Suppose a = 2*l - 2 - 4. List the prime factors of l.
3
Suppose 3*f = 6 + 3. Suppose f*s + 3*s - 66 = 0. What are the prime factors of s?
11
Let g(m) = m**3 - 5*m**2 + 2*m + 1. Let z be g(5). Let a be 18 + (-3 - -1 - -1). Suppose 2*c - 5*h + a = 0, c + 32 = 5*h + z. List the prime factors of c.
2
Let v(o) = o**2 + 7*o - 8. Let z be v(-8). Suppose 4*g = -z*g. Suppose j - 9 = -g*j. List the prime factors of j.
3
Let k(o) = -o**2 - 13*o - 6. List the prime factors of k(-9).
2, 3, 5
Let n be (11 + 3)/(3/6). Suppose -29 = -5*j + j - 3*o, -2*o = -6. Suppose j*s - n = 7. What are the prime factors of s?
7
Let f be (-4)/(-14) - (-10)/(-35). Suppose -l + 1 + 7 = f. List the prime factors of l.
2
Let k(s) = -s**3 - 8*s**2 - 8*s - 6. Let v be k(-7). Let b = v + 20. List the prime factors of b.
3, 7
Let u(h) = 5*h**2 + 4*h + 3. What are the prime factors of u(-3)?
2, 3
Suppose 51 = 2*r + 3. Let f = r + -13. List the prime factors of f.
11
Let p(h) = -7*h + 1. Let s be p(-1). Suppose 4*o - 28 = -s. Suppose 0 = o*l - 28 - 22. What are the prime factors of l?
2, 5
Let u = 4 + -9. Suppose -2 = -r - 10. Let h = u - r. What are the prime factors of h?
3
Let r(g) = -3*g - 5. Let f(z) = -6*z + 1. Let d = -9 + 10. Let l be f(d). What are the prime factors of r(l)?
2, 5
Let s(o) = 3*o**2 - 2*o - 2. Suppose -3*t + 3 = 6. Let u be (-6)/(-2) - (t + 2). What are the prime factors of s(u)?
2, 3
Suppose -3*x + 8*x = -5. List the prime factors of -2 + (50 - x)/3.
3, 5
Let z(u) = u**2 + u - 4. Let p be z(-7). Let g = p + -26. List the prime factors of g.
2, 3
Suppose 0*s - 2*s = 0. Suppose 3*w = -5*i + 108, -2*i + 180 + s = 5*w. Suppose 5*d - w - 49 = 0. List the prime factors of d.
17
Let c(a) be the third derivative of -a**4/4 + a**3/3 - 4*a**2. What are the prime factors of c(-2)?
2, 7
Let o(k) = k - 7. Let c(p) = -p**3 + 5*p**2 + 6*p + 6. Let i be c(6). Let n be o(i). List the prime factors of 8*n/(-2 - -1).
2
Let z(c) = -c**3 + 8*c**2 + 11*c - 12. Suppose 0 = 2*o - 3 - 3. Suppose 0 = -w - 3*t, o*w - 12 = -2*t + 9. List the prime factors of z(w).
2, 3
What are the prime factors of -674*(6/(-4) - (-22)/22)?
337
Let l(u) = -u**2 + 6*u - 1. Let h be l(5). Suppose -3*m + 21 = h*w, 3*m = w + 2*m. What are the prime factors of 1/w + 82/6?
2, 7
Let u(s) = -s - 4. Let p be u(-3). Let a be 9/(((-3)/(-2))/p). Let f = a + 15. List the prime factors of f.
3
Let i = 1 - -1. Suppose i*y = 5*k + y - 22, 0 = -2*k - 4*y. List the prime factors of k.
2
Suppose 4*g = 6*g - 110. List the prime factors of g.
5, 11
Let a be (-3)/18 + (-31)/(-6). Let w = a - -1. What are the prime factors of 52/w - 10/15?
2
Suppose -5*o - 2*o + 273 = 0. What are the prime factors of o?
3, 13
Suppose 0*n - 5*n + 48 = 2*p, 2 = p - 3*n. Let u = 28 - p. What are the prime factors of u?
2, 7
List the prime factors of (-273)/(-5) - (-2)/20*4.
5, 11
Suppose 3*r + 2*r = 335. List the prime factors of r.
67
Let p(z) = 11*z + 1. Let l be p(9). Suppose 0*g - l = -3*g + s, 5*g - 4*s = 162. What are the prime factors of g?
2, 17
Let r(p) = -p**3 - 5*p + 3*p + 3*p. Let k be r(-2). Suppose 4*b - k = 3*b. What are the prime factors of b?
2, 3
Let i be (152/(-14))/((-12)/42). Suppose -4*z = -i - 146. What are the prime factors of z?
2, 23
Suppose 5*m - 13 = 3*d, -4*m - 2*d + 1 + 5 = 0. Suppose -2*s - 5*i = 5, -3*s + 4*i + m = -2. Suppose s = g - 4 - 0. List the prime factors of g.
2
Let z = 2 + 2. Suppose 4*w - 3*w - 91 = -5*r, 2*w = -z*r + 68. What are the prime factors of r?
19
Let z(s) = -s**2 + 18*s + 4. What are the prime factors of z(9)?
5, 17
Let n(c) = -c**3 + 9*c**2 - 2*c - 4. Let d be n(7). Let u = -37 + d. What are the prime factors of u?
43
Let h(f) = -f**2 + 4 + 0*f**2 - 6. Let g be h(2). Let s = g + 10. What are the prime factors of s?
2
Suppose 5*m - 5*t = -85, -m + t = 2*m + 41. List the prime factors of 30*(m/8)/(-3).
3, 5
Suppose 2*h - 5*h - 2*c = -4, 20 = 2*h - 3*c. Suppose 5*r - 4*w = 31, 5*r + h*w + 3 = 2. List the prime factors of r.
3
Suppose 5*n - 20 = -4*x, x + 3*n = -2*n + 20. Suppose -8 = -5*y + 7. Suppose x*l - y = -l. What are the prime factors of l?
3
Let f be 57*(-3)/9*1. Let m = f - -27. What are the prime factors of m?
2
Suppose -56*o + 51*o + 345 = 0. What are the prime factors of o?
3, 23
Let u(m) = -m**3 - 3*m**2 + 7*m - 1. Let f(a) = 5 - 3*a + 0*a - 3*a**2 + 2*a**2. Let n be f(-5). What are the prime factors of u(n)?
2, 7
Let z = -61 - -98. What are the prime factors of z?
37
Let o = 40 - 22. List the prime factors of o.
2, 3
Let o = 4 + -4. Suppose -q + 15 = -o. List the prime factors of q.
3, 5
Let x = 2 + -6. Let h = x + 12. What are the prime factors of h?
2
Let f(v) = -v**3 + 11*v**2 + v - 9. Let g be f(11). Suppose 4 = g*k - 0. List the prime factors of k.
2
Suppose 3*v - n = 13, 2*v + n - 5 = -2*n. Suppose v*x + 2 = 5*x. Suppose -x*r + 35 = a, -r + 3*a + 48 = 2*r. What are the prime factors of r?
17
Let k = -25 + 100. Let f be 2/9 - k/(-27). Suppose 8*p - 45 = f*p. What are the prime factors of p?
3
Let r(l) = 4*l**2 + 7*l + 8. List the prime factors of r(-4).
2, 11
Let x(t) = t + 3. Let w be x(-11). What are the prime factors of w/14*(-14)/4?
2
Suppose 0*i - 3*i - 24 = 0. Let z(x) = -x - 8. Let s be z(i). Suppose s = -0*n - n + 10. List the prime factors of n.
2, 5
Suppose -l - 12 = -3*l. Suppose -3*t + 4 = -8. What are the prime factors of ((-6)/t)/((-3)/l)?
3
Let q = 87 - 47. What are the prime factors of q?
2, 5
Let p(o) = o + 22. Let a be p(-9). Suppose 4*i = 127 + a. What are the prime factors of i?
5, 7
Let w = 36 + -10. Suppose -t + w = -0*t. What are the prime factors of t?
2, 13
Let a(h) = 6*h - 4. Let w be (4 + -7)*(-1 - 0). What are the prime factors of a(w)?
2, 7
Suppose -3*o = -8*o + 40. Suppose o*q = 4*q + 204. List the prime factors of q.
3, 17
Suppose -1 = -4*w + 7. Suppose w*z = -0*z + 20. List the prime factors of z.
2, 5
Let t = -2 + -2. What are the prime factors of t*((-2 - 1) + 1)?
2
Suppose 7*d - p - 2 = 3*d, 3*d = 4*p - 5. Let c = 1 + d. List the prime factors of c.
2
Suppose 18*o - 1575 = 9*o. List the prime factors of o.
5, 7
Let k = -210 - -330. Suppose -b - 3*b + k = 0. What are the prime factors of b?
2, 3, 5
Let g(n) = n**3 + 9*n**2 + 8*n - 10. Let j be g(-8). Let a(k) = k**3 + 9*k**2 - 10*k + 2. Let t be a(j). Suppose i - 8 = -t. List the prime factors of i.
2, 3
Let x be -2 - (-1 + (1 - 0)). Suppose -5*a - 2*g = -3*g - 30, 3*a = -2*g + 31. Let v = a - x. What are the prime factors of v?
3
Let y(t) = -t**2 - 6*t - 6. Let r be y(-6). List the prime factors of ((-2)/1)/(r/27).
3
Let g be -2*1/(-2)*3. Let n be 1 + g/(6/(-20)). List the prime factors of ((-6)/(-4))/(n/(-12)).
2
Suppose -3*a + 365 = 5*j, -166 = -2*j - 3*a - 20. List the prime factors of j.
73
Let y = -18 - -57. What are the prime factors of y?
3, 13
Let o be ((-3)/(-6))/((-1)/(-2)). What are the prime factors of (-2 + 3)/(o/6)?
2, 3
Suppose 0*k - 5*k = -3*o + 121, 2*k + 3*o = -61. What are the prime factors of 1/((-28)/k - 1)?
13
Let p(f) = f**3 - 2*f**2 + 2. Let m be p(2). Suppose m*x - 13 = q + 10, 4*q = 3*x - 32. What are the prime factors of x?
2, 3
Let l be (-8)/28 + (-80)/14. What are the prime factors of (-8)/(1 + l + 3)?
2
Let a = 7 + 0. Le